 base 8, what is 156 + -10?
146
In base 14, what is -142 - 2?
-144
In base 4, what is 2 + -101303?
-101301
In base 16, what is -1 + 5?
4
In base 8, what is -3 - 26?
-31
In base 7, what is -2163 - 4?
-2200
In base 9, what is 8 - 1?
7
In base 14, what is 61 + 1?
62
In base 2, what is 1000001010 + 100?
1000001110
In base 3, what is -2122 + 222?
-1200
In base 8, what is 4 + 336?
342
In base 11, what is -83 + -18?
-a0
In base 5, what is -10 + -2013?
-2023
In base 12, what is 28b - -7?
296
In base 12, what is -11 + -13?
-24
In base 6, what is 1 - 2?
-1
In base 9, what is -28424 - -5?
-28418
In base 13, what is 195 - -3?
198
In base 12, what is -5 + -129?
-132
In base 8, what is 131 - -5?
136
In base 10, what is 188 + -6?
182
In base 10, what is -100 + 63?
-37
In base 16, what is -125 + 2?
-123
In base 16, what is 3c1 - -3?
3c4
In base 8, what is -602 - 0?
-602
In base 14, what is -125d + 1?
-125c
In base 6, what is 35 - -153?
232
In base 10, what is -162 - -27?
-135
In base 11, what is 1 + 2?
3
In base 15, what is e - -3b?
4a
In base 10, what is 4 + -3416?
-3412
In base 9, what is -5 - 168?
-174
In base 9, what is 4 + 55?
60
In base 14, what is -501 - -4?
-4db
In base 14, what is -6 - 4aa?
-4b2
In base 7, what is 41 + -1?
40
In base 5, what is 104 + 0?
104
In base 8, what is -1 + -1317?
-1320
In base 2, what is -1 - -1001110101100?
1001110101011
In base 11, what is 3 + 141?
144
In base 2, what is -111 + 10000000?
1111001
In base 7, what is -5 - 300?
-305
In base 16, what is -541 - 3?
-544
In base 11, what is 20 + -13?
8
In base 16, what is -1e + -86?
-a4
In base 3, what is 12200 + 1112?
21012
In base 2, what is 1011 + -101111101?
-101110010
In base 12, what is 33 + -242?
-20b
In base 7, what is 3 - 5020?
-5014
In base 4, what is 32 - 31?
1
In base 4, what is 11 + 203301?
203312
In base 15, what is 15a + 3?
15d
In base 13, what is -3 + 2287?
2284
In base 6, what is -1 - 1104?
-1105
In base 6, what is -40 - -112?
32
In base 8, what is 27 - -170?
217
In base 14, what is -2 - 3ca?
-3cc
In base 15, what is c - 3a?
-2d
In base 11, what is 5 + -68?
-63
In base 15, what is -5ca - 0?
-5ca
In base 11, what is -5 - 863?
-868
In base 3, what is -1222 - -101?
-1121
In base 5, what is -143 + 104?
-34
In base 15, what is -60 - -3?
-5c
In base 3, what is 101 + -110112?
-110011
In base 4, what is -21 + -12310?
-12331
In base 5, what is 13 + 113?
131
In base 11, what is 5 + -76?
-71
In base 2, what is -110 + -1000?
-1110
In base 12, what is -15 - 85?
-9a
In base 14, what is -4 - -41?
3b
In base 3, what is -2 - -1221?
1212
In base 11, what is 15 - -8?
22
In base 12, what is -11 - 1?
-12
In base 4, what is 113 - 313?
-200
In base 14, what is -6 - -62?
5a
In base 6, what is 204 - 11?
153
In base 8, what is 3201 + -2?
3177
In base 10, what is -11 + -54?
-65
In base 8, what is -5 - -20?
13
In base 9, what is 4 - -32?
36
In base 3, what is -10112110 + 1?
-10112102
In base 12, what is 5 - 11?
-8
In base 13, what is 1 + -23?
-22
In base 10, what is -3 - 266?
-269
In base 15, what is 2d + 2?
30
In base 13, what is 3 - -144c?
1452
In base 5, what is -1031 - 0?
-1031
In base 4, what is -2020 + -12?
-2032
In base 6, what is 2 - 222?
-220
In base 2, what is -11 + -10100001110?
-10100010001
In base 16, what is 0 + -2bc?
-2bc
In base 16, what is -7 + 125?
11e
In base 8, what is -1022 - 0?
-1022
In base 13, what is -153 - 3?
-156
In base 11, what is 204 + 3?
207
In base 5, what is 10134 - -13?
10202
In base 3, what is 20 + -20210?
-20120
In base 15, what is 1 + 413?
414
In base 8, what is -3 + 25?
22
In base 16, what is 2a + 4?
2e
In base 9, what is 71 + 2?
73
In base 11, what is 49 + 6?
54
In base 7, what is 31061 - -3?
31064
In base 14, what is -14a + 5?
-145
In base 10, what is 94 + -6?
88
In base 7, what is -600 + 1?
-566
In base 15, what is -11 + 188?
177
In base 8, what is 750 - 122?
626
In base 10, what is 640 + -2?
638
In base 3, what is -121220 - 11?
-122001
In base 6, what is -1 + 343?
342
In base 6, what is 4524 - -3?
4531
In base 7, what is 0 - 612?
-612
In base 16, what is -2df + 3?
-2dc
In base 16, what is -7 + -854?
-85b
In base 11, what is 68 + 8?
75
In base 10, what is 25 - -12?
37
In base 9, what is -4 - 137?
-142
In base 13, what is -16 - -46?
30
In base 5, what is -420 - 10?
-430
In base 5, what is -111 + -12?
-123
In base 13, what is -174 + -7?
-17b
In base 15, what is 3 - 8?
-5
In base 11, what is -100 - 2?
-102
In base 6, what is -13051 - -5?
-13042
In base 15, what is 5 - c9?
-c4
In base 10, what is 2649 - -1?
2650
In base 15, what is 5 + 2d?
33
In base 3, what is 111102 + 10?
111112
In base 14, what is 28 - 1?
27
In base 9, what is -11 - -56?
45
In base 14, what is 1 - 598?
-597
In base 11, what is 1814 - -2?
1816
In base 2, what is 101 + -10111111010?
-10111110101
In base 2, what is 0 - -1100111100111?
1100111100111
In base 2, what is -1000101100 + 1111?
-1000011101
In base 3, what is 12022 + 100?
12122
In base 5, what is 21014 - -10?
21024
In base 16, what is -5 - 10?
-15
In base 6, what is 13 + 450?
503
In base 3, what is -10 + -21200?
-21210
In base 8, what is 2 + 1070?
1072
In base 2, what is 1 - -100110000011?
100110000100
In base 14, what is d7b + -1?
d7a
In base 5, what is 10 - -13103?
13113
In base 15, what is 1 - -3?
4
In base 16, what is -c2 + 42?
-80
In base 8, what is -10736 - 4?
-10742
In base 16, what is 94 + 5?
99
In base 5, what is 24 + 32?
111
In base 10, what is 4 - 16?
-12
In base 5, what is 2244 - 13?
2231
In base 2, what is -100 + -11010?
-11110
In base 12, what is -108 + 5?
-103
In base 2, what is -10000100010 + -10?
-10000100100
In base 8, what is -11 + -365?
-376
In base 7, what is -11511 + 2?
-11506
In base 6, what is -154 + -23?
-221
In base 3, what is -1102111 + 2?
-1102102
In base 16, what is -21 - -2?
-1f
In base 2, what is 110011101010 + 1?
110011101011
In base 13, what is -11a + 2?
-118
In base 12, what is -3 - -2b90?
2b89
In base 2, what is 101110011 + 0?
101110011
In base 15, what is -20c + -4?
-211
In base 9, what is 16 - -2?
18
In base 12, what is 62 - 4?
5a
In base 9, what is 1 + -5?
-4
In base 14, what is 5 + 4?
9
In base 3, what is 1000 + 10120?
11120
In base 11, what is -3 - 2?
-5
In base 8, what is 6 + -1735?
-1727
In base 16, what is -1 - 5?
-6
In base 7, what is -6 + -46?
-55
In base 8, what is -4 - -602?
576
In base 11, what is -112 - -3?
-10a
In base 9, what is 15 - -47?
63
In base 8, what is 705 - 5?
700
In base 2, what is -10000 - -110?
-1010
In base 15, what is 12 - 12?
0
In base 10, what is 7 + 1286?
1293
In base 2, what is 10010 - 111011?
-101001
In base 15, what is 3 + 1e5?
1e8
In base 13, what is -13 - 2?
-15
In base 9, what is 1 + 120?
121
In base 5, what is -314 + 13?
-301
In base 8, what is 36 - 3?
33
In base 5, what is 3311 + 3?
3314
In base 11, what is -325 + 8?
-318
In base 6, what is 3 + -102?
-55
In base 5, what is 2 - -110?
112
In base 9, what is 11517 - 5?
11512
In base 15, what is -1 - -47?
46
In base 14, what is -32 - -d?
-23
In base 10, what is 107 + 3?
110
In base 13, what is 4 - -6b?
72
In base 4, what is -12 + -230?
-302
In base 8, what is -5 - 454?
-461
In base 4, what is -2001 + -10?
-2011
In base 2, what is -101 - 11111?
-100100
In base 13, what is 273 + 4?
277
In base 9, what is 6 - -42?
48
In base 7, what is -221 + 5?
-213
In base 13, what is 281 + 2?
283
In base 11, what is -9 - 1?
-a
In base 11, what is 29 + 5?
33
In base 15, what is 6a + -2?
68
In base 14, what is 22 - 6?
1a
In base 5, what is -1010 - -3?
-1002
In base 15, what is -4 + 45?
41
In base 11, what is 205 - -10?
215
In base 8, what is 243 - -4?
247
In base 4, what is 100 - 1?
33
In base 14, what is 26 - -253?
279
In base 9, what is 2655 + -5?
2650
In base 8, what is -141 - 6?
-147
In base 13, what is 5 + 1350?
1355
In base 10, what is -5 + 8314?
8309
In base 7, what is -4 - 530?
-534
In base 4, what is 3 + -10122?
-10113
In base 11, what is -3 + -153?
-156
In base 15, what is 7 + -11?
-9
In base 8, what is 114 + -11?
103
In base 11, what is a9 + -1?
a8
In base 4, what is -11 - 131001?
-131012
In base 11, what is -199 - -4?
-195
In base 7, what is -14130 + -5?
-14135
In base 9, what is 4278 + 3?
4282
In base 2, what is -111001 + 110?
-110011
In base 14, what is -db37 + 3?
-db34
In base 5, what is -4 - -132?
123
In base